{"id":10621,"date":"2023-08-16T18:10:34","date_gmt":"2023-08-16T16:10:34","guid":{"rendered":"https:\/\/gymnasium-odenkirchen.de\/wordpress\/?page_id=10621"},"modified":"2024-09-17T12:15:31","modified_gmt":"2024-09-17T10:15:31","slug":"digitalisierung","status":"publish","type":"page","link":"https:\/\/gymnasium-odenkirchen.de\/wordpress\/?page_id=10621","title":{"rendered":"Digitalisierung"},"content":{"rendered":"<p><a href=\"https:\/\/gymnasium-odenkirchen.de\/wordpress\/wp-content\/uploads\/2023\/08\/Nutzungsordnung-Digitale-Endgeraete.pdf\" target=\"_blank\" rel=\"noopener\">Hier finden Sie unsere Nutzungsordnung f\u00fcr die Nutzung digitaler Endger\u00e4te in der Schule.<\/a><\/p>\n<p><a href=\"https:\/\/gymnasium-odenkirchen.de\/wordpress\/?p=11485\">Hier finden Sie au\u00dferdem Informationen zu den erweiterten Nutzungsbedingungen f\u00fcr iPads ab Herbst 2024,<\/a><\/p>\n","protected":false},"excerpt":{"rendered":"<p>Hier finden Sie unsere Nutzungsordnung f\u00fcr die Nutzung digitaler Endger\u00e4te in der Schule. Hier finden Sie au\u00dferdem Informationen zu den erweiterten Nutzungsbedingungen f\u00fcr iPads ab Herbst 2024,<\/p>\n","protected":false},"author":5,"featured_media":0,"parent":0,"menu_order":0,"comment_status":"closed","ping_status":"closed","template":"","meta":{"ngg_post_thumbnail":0,"footnotes":""},"class_list":["post-10621","page","type-page","status-publish","hentry"],"_links":{"self":[{"href":"https:\/\/gymnasium-odenkirchen.de\/wordpress\/index.php?rest_route=\/wp\/v2\/pages\/10621","targetHints":{"allow":["GET"]}}],"collection":[{"href":"https:\/\/gymnasium-odenkirchen.de\/wordpress\/index.php?rest_route=\/wp\/v2\/pages"}],"about":[{"href":"https:\/\/gymnasium-odenkirchen.de\/wordpress\/index.php?rest_route=\/wp\/v2\/types\/page"}],"author":[{"embeddable":true,"href":"https:\/\/gymnasium-odenkirchen.de\/wordpress\/index.php?rest_route=\/wp\/v2\/users\/5"}],"replies":[{"embeddable":true,"href":"https:\/\/gymnasium-odenkirchen.de\/wordpress\/index.php?rest_route=%2Fwp%2Fv2%2Fcomments&post=10621"}],"version-history":[{"count":7,"href":"https:\/\/gymnasium-odenkirchen.de\/wordpress\/index.php?rest_route=\/wp\/v2\/pages\/10621\/revisions"}],"predecessor-version":[{"id":11527,"href":"https:\/\/gymnasium-odenkirchen.de\/wordpress\/index.php?rest_route=\/wp\/v2\/pages\/10621\/revisions\/11527"}],"wp:attachment":[{"href":"https:\/\/gymnasium-odenkirchen.de\/wordpress\/index.php?rest_route=%2Fwp%2Fv2%2Fmedia&parent=10621"}],"curies":[{"name":"wp","href":"https:\/\/api.w.org\/{rel}","templated":true}]}}