{"id":3077,"date":"2018-01-18T17:02:06","date_gmt":"2018-01-18T15:02:06","guid":{"rendered":"http:\/\/unterricht.gymnasium-odenkirchen.de\/wordpress\/?page_id=3077"},"modified":"2023-10-25T10:45:50","modified_gmt":"2023-10-25T08:45:50","slug":"foerderverein","status":"publish","type":"page","link":"https:\/\/gymnasium-odenkirchen.de\/wordpress\/?page_id=3077","title":{"rendered":"F\u00f6rderverein"},"content":{"rendered":"<style>.kachel { width: 250px; height: 250px; background-color:#c1d7cc; padding:5px; float:left; overflow:auto; margin:5px; text-align: center;}<br \/>.kachel h1 {font-size: 20px; text-align: center;}<br \/>.kachel img { float: left; margin:5px; }<br \/>.kachelheader { vertical-align:middle; overflow:auto;}<br \/> <\/style>\n<p>In den 80er Jahren gab es am Gymnasium Odenkirchen den Wunsch der Eltern, die Ausbildung der Kinder auch auf Gebieten zu erm\u00f6glichen, die vom Schultr\u00e4ger nicht so ausgestattet waren, wie dies zu w\u00fcnschen w\u00e4re.<\/p>\n<p>Am 22.11.1985 gr\u00fcndete sich der \u201cVerein der Freunde und F\u00f6rderer e.V.\u201d, der es sich zur Aufgabe gemacht hat, \u00fcberall dort zu helfen, wo der Schultr\u00e4ger nicht t\u00e4tig werden kann.<br \/>\nDer F\u00f6rderverein versteht sich allerdings nicht als Ersatzbeschaffer f\u00fcr Kommune und Land, sondern will Erg\u00e4nzungen erm\u00f6glichen und finanzieren, die unseren Kindern eine moderne, zukunftsorientierte Ausbildung sichern.<\/p>\n<p>Neben diesem finanziellen Engagement liegt dem F\u00f6rderverein aber auch an dem Zusammenhalt der Schulgemeinde. Er organisiert Treffen, Begegnungen und unterst\u00fctzt Schulausfl\u00fcge und zahlreiche Schulveranstaltungen (Schulfest, Wohlt\u00e4tigkeitswanderung, Projekttage\u2026).<\/p>\n<p>Das Ziel des Vereins der Freunde und F\u00f6rderer ist, dieses gut funktionierende System Gymnasium da zu st\u00fctzen, wo Schw\u00e4chen aufkommen k\u00f6nnen, und dort zu erweitern, wo unsere moderne Gesellschaft dies fordert, um eine Ausbildung und Erziehung unserer Kinder im Sinne des Humanismus zu gew\u00e4hrleisten.<\/p>\n<p><b>Vorsitz: Herr Uwe Lenzen<br \/>\nStellvertretender Vorsitz: Herr Hans-Josef Coenen<\/b><\/p>\n<p>&nbsp;<\/p>\n<p>Hier finden Sie die <a href=\"http:\/\/gymnasium-odenkirchen.de\/wordpress\/wp-content\/uploads\/2019\/02\/F%C3%B6rdervereinSatzung1-1.pdf\"><strong>Satzung,<\/strong><\/a> die <a href=\"https:\/\/gymnasium-odenkirchen.de\/wordpress\/wp-content\/uploads\/2023\/03\/Beitrittserkla\u0308rung-Foederverein.pdf\"><strong>Beitrittserkl\u00e4rung,<\/strong><\/a> sowie die <a href=\"https:\/\/gymnasium-odenkirchen.de\/wordpress\/wp-content\/uploads\/2022\/03\/Datenschutzhinweise-Ma%CC%88rz-2022.pdf\"><strong>Datenschutzhinweise,<\/strong><\/a> zum Download.<\/p>\n<p>&nbsp;<\/p>\n<p>Der Jahresbeitrag betr\u00e4gt 16 \u20ac,<\/p>\n<p>Sch\u00fcler*innen, Studierende und Auszubildende zahlen einen erm\u00e4\u00dfigten Beitrag von 5 \u20ac.<\/p>\n<p>&nbsp;<\/p>\n<p>Kontoverbindung:<br \/>\nVerein der Freunde und F\u00f6rderer des St\u00e4dt. Gymnasiums Odenkirchen e.V.<br \/>\nStadtsparkasse M\u00f6nchengladbach<br \/>\nBIC MGLSDE33<br \/>\nIBAN DE63310500000000228866<\/p>\n<p>E-Mail: freunde-gymod(at)web.de<\/p>\n<div class=\"kachel\">\n<h1><a href=\"https:\/\/drive.google.com\/file\/d\/1Qef3HVMjvNxiz1CQKQ3f8agiLtBdLXvp\/view\">Unser Imagefilm<\/a><\/h1>\n<\/div>\n<div class=\"kachel\">\n<h1><a href=\"https:\/\/gymnasium-odenkirchen.de\/wordpress\/?page_id=9223\">Wieder-kehrende Ma\u00dfnahmen<\/a><\/h1>\n<\/div>\n<div class=\"kachel\">\n<h1><a href=\"https:\/\/gymnasium-odenkirchen.de\/wordpress\/?page_id=9184\">Tabellarische \u00dcbersicht<\/a><\/h1>\n<\/div>\n<div class=\"kachel\">\n<h1><a href=\"https:\/\/gymnasium-odenkirchen.de\/wordpress\/?page_id=9188\">Einmalige Ma\u00dfnahmen 2021<\/a><\/h1>\n<\/div>\n<div class=\"kachel\">\n<h1><a href=\"https:\/\/gymnasium-odenkirchen.de\/wordpress\/?page_id=9523\">Einmalige Ma\u00dfnahmen 2022<\/a><\/h1>\n<\/div>\n<div class=\"kachel\">\n<h1><a href=\"https:\/\/gymnasium-odenkirchen.de\/wordpress\/?page_id=10319\">Einmalige Ma\u00dfnahmen 2023<\/a><\/h1>\n<\/div>\n","protected":false},"excerpt":{"rendered":"<p>In den 80er Jahren gab es am Gymnasium Odenkirchen den Wunsch der Eltern, die Ausbildung der Kinder auch auf Gebieten zu erm\u00f6glichen, die vom Schultr\u00e4ger nicht so ausgestattet waren, wie dies zu w\u00fcnschen w\u00e4re. Am 22.11.1985 gr\u00fcndete sich der \u201cVerein der Freunde und F\u00f6rderer e.V.\u201d, der es sich zur Aufgabe gemacht hat, \u00fcberall dort zu helfen, wo der Schultr\u00e4ger nicht t\u00e4tig werden kann. Der F\u00f6rderverein versteht sich allerdings nicht als Ersatzbeschaffer f\u00fcr Kommune und Land, sondern will Erg\u00e4nzungen erm\u00f6glichen und finanzieren, die unseren Kindern eine moderne, zukunftsorientierte Ausbildung sichern. Neben diesem finanziellen Engagement liegt dem F\u00f6rderverein aber auch an dem [&hellip;]<\/p>\n","protected":false},"author":5,"featured_media":0,"parent":0,"menu_order":0,"comment_status":"closed","ping_status":"closed","template":"","meta":{"ngg_post_thumbnail":0,"footnotes":""},"class_list":["post-3077","page","type-page","status-publish","hentry"],"_links":{"self":[{"href":"https:\/\/gymnasium-odenkirchen.de\/wordpress\/index.php?rest_route=\/wp\/v2\/pages\/3077","targetHints":{"allow":["GET"]}}],"collection":[{"href":"https:\/\/gymnasium-odenkirchen.de\/wordpress\/index.php?rest_route=\/wp\/v2\/pages"}],"about":[{"href":"https:\/\/gymnasium-odenkirchen.de\/wordpress\/index.php?rest_route=\/wp\/v2\/types\/page"}],"author":[{"embeddable":true,"href":"https:\/\/gymnasium-odenkirchen.de\/wordpress\/index.php?rest_route=\/wp\/v2\/users\/5"}],"replies":[{"embeddable":true,"href":"https:\/\/gymnasium-odenkirchen.de\/wordpress\/index.php?rest_route=%2Fwp%2Fv2%2Fcomments&post=3077"}],"version-history":[{"count":48,"href":"https:\/\/gymnasium-odenkirchen.de\/wordpress\/index.php?rest_route=\/wp\/v2\/pages\/3077\/revisions"}],"predecessor-version":[{"id":10799,"href":"https:\/\/gymnasium-odenkirchen.de\/wordpress\/index.php?rest_route=\/wp\/v2\/pages\/3077\/revisions\/10799"}],"wp:attachment":[{"href":"https:\/\/gymnasium-odenkirchen.de\/wordpress\/index.php?rest_route=%2Fwp%2Fv2%2Fmedia&parent=3077"}],"curies":[{"name":"wp","href":"https:\/\/api.w.org\/{rel}","templated":true}]}}