{"id":3117,"date":"2018-01-18T17:11:18","date_gmt":"2018-01-18T15:11:18","guid":{"rendered":"http:\/\/unterricht.gymnasium-odenkirchen.de\/wordpress\/?page_id=3117"},"modified":"2025-10-04T08:48:43","modified_gmt":"2025-10-04T06:48:43","slug":"arbeitsgemeinschaften","status":"publish","type":"page","link":"https:\/\/gymnasium-odenkirchen.de\/wordpress\/?page_id=3117","title":{"rendered":"Arbeitsgemeinschaften 2025\/26"},"content":{"rendered":"<style>\n\t\t\tbody { background-color: #FFFFFF; }\n\t\t\t.kachel { width: 90%; padding:2px; margin:1px; background-color: #d1f8e4; overflow:auto}\n\t\t\t.kachel:nth-child(odd) { background-color:#99ceb3}\n\t\t\t.kacheltitel {font-size:20px; font-weight:bold; width:250px; float:left;}\n                        .kachelleiter {float:left; width:150px; }\n\t\t\t.kachelstufe {float:left; width:200px; }\n                        .kachelzeit {float:left; width:200px; }\n                        .kachelort {float:left; width:200px; }\n<\/style>\n<div class=\"kachel\"><span class=\"kacheltitel\"><strong>Arbeitsgemeinschaft<\/strong><\/span><span class=\"kachelleiter\"><strong>Leiter<\/strong><\/span><span class=\"kachelstufe\"><strong>Jahrgangsstufen<\/strong><\/span><span class=\"kachelzeit\"><strong>Zeit<\/strong><\/span><span class=\"kachelort\"><strong>Ort<\/strong><\/span><\/div>\n<div class=\"kachel\"><span class=\"kacheltitel\">Alternative Sportspiele<\/a><\/span><span class=\"kachelleiter\">Swl<\/span><span class=\"kachelstufe\">5 &#8211; 6<\/span><span class=\"kachelzeit\">Di., 6. Stunde<\/span><span class=\"kachelort\">Halle Ki<\/span><\/div>\n<div class=\"kachel\"><span class=\"kacheltitel\">Basketball<\/span><span class=\"kachelleiter\">Mic<\/span><span class=\"kachelstufe\">8 &#8211; 10<\/span><span class=\"kachelzeit\">Do., 6. Stunde<\/span><span class=\"kachelort\">Halle Ki<\/span><\/div>\n<div class=\"kachel\"><span class=\"kacheltitel\">Chor<\/a><\/span><span class=\"kachelleiter\">Bm<\/span><span class=\"kachelstufe\">5-7<\/span><span class=\"kachelzeit\">Mi., 6.Stunde<\/span><span class=\"kachelort\">A201<\/span><\/div>\n<div class=\"kachel\"><span class=\"kacheltitel\">D-Bau-AG<\/a><\/span><span class=\"kachelleiter\">Hke \/ Zb<\/span><span class=\"kachelstufe\">7 &#8211; 8<\/span><span class=\"kachelzeit\">n. V.<\/span><span class=\"kachelort\">D001<\/span><\/div>\n<div class=\"kachel\"><span class=\"kacheltitel\"><a href=\"http:\/\/gymnasium-odenkirchen.de\/wordpress\/?page_id=3128\">Dreht\u00fcr-AG<\/a><\/span><span class=\"kachelleiter\">La<\/span><span class=\"kachelstufe\">9 &#8211; 10<\/span><span class=\"kachelzeit\">n. V.<\/span><span class=\"kachelort\">A103<\/span><\/div>\n<div class=\"kachel\"><span class=\"kacheltitel\"><a href=\"http:\/\/gymnasium-odenkirchen.de\/wordpress\/?page_id=3128\">Dreht\u00fcr-Junior-AG<\/a><\/span><span class=\"kachelleiter\">La<\/span><span class=\"kachelstufe\">6<\/span><span class=\"kachelzeit\">n. V.<\/span><span class=\"kachelort\">A103<\/span><\/div>\n<div class=\"kachel\"><span class=\"kacheltitel\">ELSch-Chor<\/span><span class=\"kachelleiter\">Str<\/span><span class=\"kachelstufe\">alle<\/span><span class=\"kachelzeit\">Mo., 19.OO Uhr<\/span><span class=\"kachelort\">A206<\/span><\/div>\n<div class=\"kachel\"><span class=\"kacheltitel\">Fair: OK!<\/a><\/span><span class=\"kachelleiter\">&#8212;<\/span><span class=\"kachelstufe\">alle<\/span><span class=\"kachelzeit\">n. V.<\/span><span class=\"kachelort\">A103<\/span><\/div>\n<div class=\"kachel\"><span class=\"kacheltitel\">Fu\u00dfball<\/span><span class=\"kachelleiter\">Es<\/span><span class=\"kachelstufe\">5 &#8211; 6<\/span><span class=\"kachelzeit\">Di., 6. Stunde<\/span><span class=\"kachelort\">Bellerm\u00fchle<\/span><\/div>\n<div class=\"kachel\"><span class=\"kacheltitel\">Garten-AG<\/a><\/span><span class=\"kachelleiter\">Kh<\/span><span class=\"kachelstufe\">alle<\/span><span class=\"kachelzeit\">Do., 6.Stunde<\/span><span class=\"kachelort\">Schulhof \/ C-Bau-Keller<\/span><\/div>\n<div class=\"kachel\"><span class=\"kacheltitel\">Jugend forscht<\/a><\/span><span class=\"kachelleiter\">Bg<\/span><span class=\"kachelstufe\">alle<\/span><span class=\"kachelzeit\">n. V.<\/span><span class=\"kachelort\">n.V.<\/span><\/div>\n<div class=\"kachel\"><span class=\"kacheltitel\">Schulsanit\u00e4tsdienst<\/a><\/span><span class=\"kachelleiter\">Zi<\/span><span class=\"kachelstufe\">9-Q2<\/span><span class=\"kachelzeit\">n. V.<\/span><span class=\"kachelort\">A104<\/span><\/div>\n<p><!-- \n\n<div class=\"kachel\"><span class=\"kacheltitel\">Handball-AG<\/span><span class=\"kachelleiter\">Ke<\/span><span class=\"kachelstufe\">5-9<\/span><span class=\"kachelzeit\">Mi., 6. Stunde<\/span><span class=\"kachelort\">Halle Ki<\/span><\/div>\n\n --><\/p>\n<p><!-- \n\n<div class=\"kachel\"><span class=\"kacheltitel\"><a href=\"https:\/\/gymnasium-odenkirchen.de\/wordpress\/?page_id=7319\">Lesepaten<\/a><\/span><span class=\"kachelleiter\">Zb<\/span><span class=\"kachelstufe\">ab 8<\/span><span class=\"kachelzeit\">n. V.<\/span><span class=\"kachelort\">n. V.<\/span><\/div>\n\n--><\/p>\n<p><!-- \n\n<div class=\"kachel\"><span class=\"kacheltitel\"><a href=\"http:\/\/gymnasium-odenkirchen.de\/wordpress\/?page_id=4527\">Sporthelfer-AG<\/a><\/span><span class=\"kachelleiter\">Ke<\/span><span class=\"kachelstufe\">9<\/span><span class=\"kachelzeit\">n. V.<\/span><span class=\"kachelort\">n. V.<\/span><\/div>\n\n--><\/p>\n<p><!-- \n\n<div class=\"kachel\"><span class=\"kacheltitel\">Technik-AG<\/span><span class=\"kachelleiter\">---<\/span><span class=\"kachelstufe\">ab 8<\/span><span class=\"kachelzeit\">n. V.<\/span><span class=\"kachelort\">n. V.<\/span><\/div>\n\n --><\/p>\n<p><\/body><\/p>\n","protected":false},"excerpt":{"rendered":"<p>ArbeitsgemeinschaftLeiterJahrgangsstufenZeitOrt Alternative SportspieleSwl5 &#8211; 6Di., 6. StundeHalle Ki BasketballMic8 &#8211; 10Do., 6. StundeHalle Ki ChorBm5-7Mi., 6.StundeA201 D-Bau-AGHke \/ Zb7 &#8211; 8n. V.D001 Dreht\u00fcr-AGLa9 &#8211; 10n. V.A103 Dreht\u00fcr-Junior-AGLa6n. V.A103 ELSch-ChorStralleMo., 19.OO UhrA206 Fair: OK!&#8212;allen. V.A103 Fu\u00dfballEs5 &#8211; 6Di., 6. StundeBellerm\u00fchle Garten-AGKhalleDo., 6.StundeSchulhof \/ C-Bau-Keller Jugend forschtBgallen. V.n.V. Schulsanit\u00e4tsdienstZi9-Q2n. V.A104<\/p>\n","protected":false},"author":5,"featured_media":0,"parent":0,"menu_order":0,"comment_status":"closed","ping_status":"closed","template":"page-templates\/page-fullwidth.php","meta":{"ngg_post_thumbnail":0,"footnotes":""},"class_list":["post-3117","page","type-page","status-publish","hentry"],"_links":{"self":[{"href":"https:\/\/gymnasium-odenkirchen.de\/wordpress\/index.php?rest_route=\/wp\/v2\/pages\/3117","targetHints":{"allow":["GET"]}}],"collection":[{"href":"https:\/\/gymnasium-odenkirchen.de\/wordpress\/index.php?rest_route=\/wp\/v2\/pages"}],"about":[{"href":"https:\/\/gymnasium-odenkirchen.de\/wordpress\/index.php?rest_route=\/wp\/v2\/types\/page"}],"author":[{"embeddable":true,"href":"https:\/\/gymnasium-odenkirchen.de\/wordpress\/index.php?rest_route=\/wp\/v2\/users\/5"}],"replies":[{"embeddable":true,"href":"https:\/\/gymnasium-odenkirchen.de\/wordpress\/index.php?rest_route=%2Fwp%2Fv2%2Fcomments&post=3117"}],"version-history":[{"count":83,"href":"https:\/\/gymnasium-odenkirchen.de\/wordpress\/index.php?rest_route=\/wp\/v2\/pages\/3117\/revisions"}],"predecessor-version":[{"id":12332,"href":"https:\/\/gymnasium-odenkirchen.de\/wordpress\/index.php?rest_route=\/wp\/v2\/pages\/3117\/revisions\/12332"}],"wp:attachment":[{"href":"https:\/\/gymnasium-odenkirchen.de\/wordpress\/index.php?rest_route=%2Fwp%2Fv2%2Fmedia&parent=3117"}],"curies":[{"name":"wp","href":"https:\/\/api.w.org\/{rel}","templated":true}]}}