{"id":3125,"date":"2018-01-18T17:11:19","date_gmt":"2018-01-18T15:11:19","guid":{"rendered":"http:\/\/unterricht.gymnasium-odenkirchen.de\/wordpress\/?page_id=3125"},"modified":"2018-10-30T19:19:07","modified_gmt":"2018-10-30T17:19:07","slug":"foerderkonzept","status":"publish","type":"page","link":"https:\/\/gymnasium-odenkirchen.de\/wordpress\/?page_id=3125","title":{"rendered":"F\u00f6rderkonzept"},"content":{"rendered":"<blockquote><p><center>\u201eAlso lautet ein Beschluss,<br \/>\ndass jeder Mensch was lernen muss!\u201c<br \/>\n<em>(Wilhelm Busch in `Max und Moritz`, vierter Streich)<\/em><\/center><\/p><\/blockquote>\n<p>Dieser Satz, von Wilhelm Busch witzig und zutreffend formuliert, ist auch ein ganz besonderes Anliegen des Gymnasiums Odenkirchen. Daher haben wir ein ganz eigenes F\u00f6rderkonzept entwickelt, das sich durch seine Offenheit und Vielschichtigkeit auszeichnet. So sind nicht nur die Lehrer, sondern auch die Sch\u00fcler und Eltern daran beteiligt.<\/p>\n<p>So bietet das Gymnasium Odenkirchen t\u00e4glich in verschiedenen Hauptf\u00e4chern F\u00f6rderunterricht an. F\u00fcr die Sch\u00fclerinnen und Sch\u00fcler, die durch den F\u00f6rderunterricht unterst\u00fctzt werden sollen, ist dieser Unterricht zun\u00e4chst verpflichtend. Alle anderen Sch\u00fcler k\u00f6nnen ihn nach eigenem Daf\u00fcrhalten besuchen, etwa um vor Klassenarbeiten zu \u00fcben oder sich mit Inhalten auseinanderzusetzen, an denen sie vertiefend arbeiten m\u00f6chten.<\/p>\n<p>Dabei ist das Verfahren folgendes: Der jeweilige Fachlehrer stellt das F\u00f6rdermaterial individuell f\u00fcr jeden Sch\u00fcler zusammen. Dieses Material wird von den Sch\u00fclern im F\u00f6rderunterricht unter Aufsicht von Fachlehrern bearbeitet.<\/p>\n<p>Am Ende jedes Halbjahres gibt es durch die Fachlehrer individuelle R\u00fcckmeldungen, welche Fortschritte gemacht wurden und in welchen Bereichen noch F\u00f6rderbedarf ist.<br \/>\nSelbstverst\u00e4ndlich bieten wir den Eltern in dieser Zeit Beratungsgespr\u00e4che an, damit gemeinsam \u00fcberlegt wird, in welchen F\u00e4chern es sinnvoll ist, den F\u00f6rderunterricht zu besuchen.<\/p>\n<p>&nbsp;<\/p>\n","protected":false},"excerpt":{"rendered":"<p>\u201eAlso lautet ein Beschluss, dass jeder Mensch was lernen muss!\u201c (Wilhelm Busch in `Max und Moritz`, vierter Streich) Dieser Satz, von Wilhelm Busch witzig und zutreffend formuliert, ist auch ein ganz besonderes Anliegen des Gymnasiums Odenkirchen. Daher haben wir ein ganz eigenes F\u00f6rderkonzept entwickelt, das sich durch seine Offenheit und Vielschichtigkeit auszeichnet. So sind nicht nur die Lehrer, sondern auch die Sch\u00fcler und Eltern daran beteiligt. So bietet das Gymnasium Odenkirchen t\u00e4glich in verschiedenen Hauptf\u00e4chern F\u00f6rderunterricht an. F\u00fcr die Sch\u00fclerinnen und Sch\u00fcler, die durch den F\u00f6rderunterricht unterst\u00fctzt werden sollen, ist dieser Unterricht zun\u00e4chst verpflichtend. Alle anderen Sch\u00fcler k\u00f6nnen ihn nach [&hellip;]<\/p>\n","protected":false},"author":5,"featured_media":0,"parent":0,"menu_order":0,"comment_status":"closed","ping_status":"closed","template":"","meta":{"ngg_post_thumbnail":0,"footnotes":""},"class_list":["post-3125","page","type-page","status-publish","hentry"],"_links":{"self":[{"href":"https:\/\/gymnasium-odenkirchen.de\/wordpress\/index.php?rest_route=\/wp\/v2\/pages\/3125","targetHints":{"allow":["GET"]}}],"collection":[{"href":"https:\/\/gymnasium-odenkirchen.de\/wordpress\/index.php?rest_route=\/wp\/v2\/pages"}],"about":[{"href":"https:\/\/gymnasium-odenkirchen.de\/wordpress\/index.php?rest_route=\/wp\/v2\/types\/page"}],"author":[{"embeddable":true,"href":"https:\/\/gymnasium-odenkirchen.de\/wordpress\/index.php?rest_route=\/wp\/v2\/users\/5"}],"replies":[{"embeddable":true,"href":"https:\/\/gymnasium-odenkirchen.de\/wordpress\/index.php?rest_route=%2Fwp%2Fv2%2Fcomments&post=3125"}],"version-history":[{"count":5,"href":"https:\/\/gymnasium-odenkirchen.de\/wordpress\/index.php?rest_route=\/wp\/v2\/pages\/3125\/revisions"}],"predecessor-version":[{"id":4772,"href":"https:\/\/gymnasium-odenkirchen.de\/wordpress\/index.php?rest_route=\/wp\/v2\/pages\/3125\/revisions\/4772"}],"wp:attachment":[{"href":"https:\/\/gymnasium-odenkirchen.de\/wordpress\/index.php?rest_route=%2Fwp%2Fv2%2Fmedia&parent=3125"}],"curies":[{"name":"wp","href":"https:\/\/api.w.org\/{rel}","templated":true}]}}