{"id":3133,"date":"2018-01-18T17:11:19","date_gmt":"2018-01-18T15:11:19","guid":{"rendered":"http:\/\/unterricht.gymnasium-odenkirchen.de\/wordpress\/?page_id=3133"},"modified":"2021-01-25T17:31:47","modified_gmt":"2021-01-25T15:31:47","slug":"q1-q2","status":"publish","type":"page","link":"https:\/\/gymnasium-odenkirchen.de\/wordpress\/?page_id=3133","title":{"rendered":"Q1 \/ Q2"},"content":{"rendered":"<ul>\n<li><strong>Erster Praxistag:<\/strong> Testtraining<\/li>\n<li>Z<strong>weiter Praxistag:<\/strong> Wissenschaftliches Arbeiten<\/li>\n<li>Informationsveranstaltung der Bundesagentur f\u00fcr Arbeit <strong>\u201eWege nach dem Abitur\u201c<\/strong><\/li>\n<li>Einf\u00fchrung in die Arbeit mit dem <strong>Selbsterkundungstool<\/strong><\/li>\n<li><strong>Dritter Praxistag:<\/strong> Businesstag von MG Connect. Thema frei w\u00e4hlbar.<\/li>\n<li><strong>Vierter Praxistag:<\/strong> Praxiserfahrung in Partnerunternehmen der Schule erleben.<\/li>\n<li><strong>F\u00fcnfter Praxistag:<\/strong> Assessmentcenter \u00dcbung mit Experten der \u201eBarmer\u201c.<\/li>\n<\/ul>\n<p>&nbsp;<\/p>\n<p><strong>Workshop zur Studien- und Berufsorientierung \u201eEntscheidungskompetenz 2\u201c: <\/strong>Die Sch\u00fclerinnen und Sch\u00fcler festigen ihre Entscheidung, indem sie sich m\u00f6glicher Rahmenbedingungen und Perspektiven eines Studiums oder einer Ausbildung bewusst werden.<strong>&nbsp;<\/strong><\/p>\n<p>&nbsp; &nbsp; &nbsp; &nbsp; &nbsp; &nbsp; &nbsp; &nbsp; Ziele<\/p>\n<ul>\n<li style=\"list-style-type: none;\">\n<ul>\n<li>Sch\u00fclerinnen und Sch\u00fcler erkennen die Gleichwertigkeit von Ausbildung und Studium. Sie werden sich der jeweiligen pers\u00f6nlichen Auswirkung bewusst und beziehen diese Erkenntnisse in ihre Berufswahl ein.<\/li>\n<\/ul>\n<\/li>\n<\/ul>\n<ul>\n<li style=\"list-style-type: none;\">\n<ul>\n<li>Die F\u00e4higkeit, eine selbstreflektierte Entscheidung auf Grundlage des bisherigen Berufs- und Studienorientierungsprozesses eigenverantwortlichund ziel- bewusst zu treffen, wird zunehmend gest\u00e4rkt.<\/li>\n<\/ul>\n<\/li>\n<\/ul>\n<p><strong>Einzelberatung durch die Berufsberatung:<\/strong> Frau Inderfurth bietet monatlich Einzelgespr\u00e4che zur Studien- und Berufsorientierung in Raum A 105a an. Die Anmeldeliste liegt sp\u00e4testen eine Woche vorher im Sekretariat aus. Derzeit ist Frau Inderfurth auch direkt per Mail erreichbar: Sandra.Inderfurth(at)arbeitsagentur.de. <\/p>\n<p><strong>Laufbahnberatung zur Gymnasialen Oberstufe: <\/strong>Zu Ende des ersten Halb- sowie Schuljahres findet eine Beratung zu den Kursbelegungen in der Gymnasialen Oberstufe statt.<\/p>\n","protected":false},"excerpt":{"rendered":"<p>Erster Praxistag: Testtraining Zweiter Praxistag: Wissenschaftliches Arbeiten Informationsveranstaltung der Bundesagentur f\u00fcr Arbeit \u201eWege nach dem Abitur\u201c Einf\u00fchrung in die Arbeit mit dem Selbsterkundungstool Dritter Praxistag: Businesstag von MG Connect. Thema frei w\u00e4hlbar. Vierter Praxistag: Praxiserfahrung in Partnerunternehmen der Schule erleben. F\u00fcnfter Praxistag: Assessmentcenter \u00dcbung mit Experten der \u201eBarmer\u201c. &nbsp; Workshop zur Studien- und Berufsorientierung \u201eEntscheidungskompetenz 2\u201c: Die Sch\u00fclerinnen und Sch\u00fcler festigen ihre Entscheidung, indem sie sich m\u00f6glicher Rahmenbedingungen und Perspektiven eines Studiums oder einer Ausbildung bewusst werden.&nbsp; &nbsp; &nbsp; &nbsp; &nbsp; &nbsp; &nbsp; &nbsp; &nbsp; Ziele Sch\u00fclerinnen und Sch\u00fcler erkennen die Gleichwertigkeit von Ausbildung und Studium. Sie werden sich der [&hellip;]<\/p>\n","protected":false},"author":5,"featured_media":0,"parent":0,"menu_order":0,"comment_status":"closed","ping_status":"closed","template":"","meta":{"ngg_post_thumbnail":0,"footnotes":""},"class_list":["post-3133","page","type-page","status-publish","hentry"],"_links":{"self":[{"href":"https:\/\/gymnasium-odenkirchen.de\/wordpress\/index.php?rest_route=\/wp\/v2\/pages\/3133","targetHints":{"allow":["GET"]}}],"collection":[{"href":"https:\/\/gymnasium-odenkirchen.de\/wordpress\/index.php?rest_route=\/wp\/v2\/pages"}],"about":[{"href":"https:\/\/gymnasium-odenkirchen.de\/wordpress\/index.php?rest_route=\/wp\/v2\/types\/page"}],"author":[{"embeddable":true,"href":"https:\/\/gymnasium-odenkirchen.de\/wordpress\/index.php?rest_route=\/wp\/v2\/users\/5"}],"replies":[{"embeddable":true,"href":"https:\/\/gymnasium-odenkirchen.de\/wordpress\/index.php?rest_route=%2Fwp%2Fv2%2Fcomments&post=3133"}],"version-history":[{"count":5,"href":"https:\/\/gymnasium-odenkirchen.de\/wordpress\/index.php?rest_route=\/wp\/v2\/pages\/3133\/revisions"}],"predecessor-version":[{"id":8254,"href":"https:\/\/gymnasium-odenkirchen.de\/wordpress\/index.php?rest_route=\/wp\/v2\/pages\/3133\/revisions\/8254"}],"wp:attachment":[{"href":"https:\/\/gymnasium-odenkirchen.de\/wordpress\/index.php?rest_route=%2Fwp%2Fv2%2Fmedia&parent=3133"}],"curies":[{"name":"wp","href":"https:\/\/api.w.org\/{rel}","templated":true}]}}