{"id":3730,"date":"2018-04-06T07:17:34","date_gmt":"2018-04-06T05:17:34","guid":{"rendered":"http:\/\/unterricht.gymnasium-odenkirchen.de\/wordpress\/?page_id=3730"},"modified":"2022-07-07T09:56:25","modified_gmt":"2022-07-07T07:56:25","slug":"mittelstufe-klassen-7-9","status":"publish","type":"page","link":"https:\/\/gymnasium-odenkirchen.de\/wordpress\/?page_id=3730","title":{"rendered":"Mittelstufe"},"content":{"rendered":"<p>Die Mittelstufe folgt auf die Erprobungsstufe und umfasst die Jahrgangsstufen 7 bis 10. Im Folgenden m\u00f6chten wir einen kleinen \u00dcberblick \u00fcber die Mittelstufe am Gymnasium Odenkirchen geben.<\/p>\n<h3>Zweite Fremdsprache (Wahlpflichtbereich I)<\/h3>\n<p>Falls die zweite Fremdsprache nicht schon in Klasse 5 angew\u00e4hlt wurde, gilt es, sich in Klasse Klasse 7 zwischen Latein und Franz\u00f6sisch zu entscheiden. Am Gymnasium Odenkirchen gibt es im Vorlauf eine Informationsveranstaltung f\u00fcr Sch\u00fcler und Eltern, um die Wahl zu erleichtern.<\/p>\n<h3>Weitere Schwerpunktsetzung (Wahlpflichtbereich II)<\/h3>\n<p>Ab Klasse 9 setzen die Sch\u00fcler weitere Schwerpunkte. Hier w\u00e4hlen sie zwischen Spanisch, Informatik, Biologie\/Chemie und Erdkunde\/Geschichte.<\/p>\n<h3>Abschluss am Ende der Klasse 9<\/h3>\n<p>Am Ende der Klasse 9 erwerben die Sch\u00fcler ein dem Hauptschulabschluss (nach Klasse 9) gleichwertigen Abschluss.<\/p>\n<h3>Verschiedenes<\/h3>\n<p>In der Mittelstufe gibt es am Gymnasium Odenkirchen verschiedenste freiwillige und verpflichtende Angebote. Sie reichen von den Austauschen mit unseren Partnerschulen in England und Frankreich \u00fcber diverse AGs (auch im technischen Bereich) und dem obligatorischen Betriebspraktikum in Klasse 10 bis zu den F\u00f6rderma\u00dfnahmen wie z.B. dem Dreht\u00fcr-Projekt.<\/p>\n<h3>\u00dcbergang zur gymnasialen Oberstufe<\/h3>\n<p>Die Berechtigung zum Besuch der gymnasialen Oberstufe des Gymnasiums, der Gesamtschule oder des Beru\ufb02ichen Gymnasiums am Berufskolleg mit der Versetzung in die Einf\u00fchrungsphase vergeben.<\/p>\n<h3>Weitere Informationen<\/h3>\n<p><a href=\"https:\/\/broschueren.nordrheinwestfalendirekt.de\/herunterladen\/der\/datei\/sek-i-2017-druckfassung-pdf\/von\/die-sekundarstufe-i-in-nordrhein-westfalen-informationen-fuer-eltern\/vom\/staatskanzlei\/2790\" target=\"_blank\" rel=\"noopener noreferrer\">Brosch\u00fcre des Ministeriums f\u00fcr Schule in Bildung in NRW<\/a><\/p>\n<p><a href=\"http:\/\/url.nrw\/G8-G9\">Bildungsportal NRW<\/a><\/p>\n<h3>Fragen?<\/h3>\n<p>Bei Fragen steht Ihnen Herr Schwarz als Verantwortlicher f\u00fcr die Mittelstufe gerne zur Verf\u00fcgung.&nbsp;<\/p>\n","protected":false},"excerpt":{"rendered":"<p>Die Mittelstufe folgt auf die Erprobungsstufe und umfasst die Jahrgangsstufen 7 bis 10. Im Folgenden m\u00f6chten wir einen kleinen \u00dcberblick \u00fcber die Mittelstufe am Gymnasium Odenkirchen geben. Zweite Fremdsprache (Wahlpflichtbereich I) Falls die zweite Fremdsprache nicht schon in Klasse 5 angew\u00e4hlt wurde, gilt es, sich in Klasse Klasse 7 zwischen Latein und Franz\u00f6sisch zu entscheiden. Am Gymnasium Odenkirchen gibt es im Vorlauf eine Informationsveranstaltung f\u00fcr Sch\u00fcler und Eltern, um die Wahl zu erleichtern. Weitere Schwerpunktsetzung (Wahlpflichtbereich II) Ab Klasse 9 setzen die Sch\u00fcler weitere Schwerpunkte. Hier w\u00e4hlen sie zwischen Spanisch, Informatik, Biologie\/Chemie und Erdkunde\/Geschichte. Abschluss am Ende der Klasse 9 [&hellip;]<\/p>\n","protected":false},"author":5,"featured_media":0,"parent":0,"menu_order":0,"comment_status":"closed","ping_status":"closed","template":"","meta":{"ngg_post_thumbnail":0,"footnotes":""},"class_list":["post-3730","page","type-page","status-publish","hentry"],"_links":{"self":[{"href":"https:\/\/gymnasium-odenkirchen.de\/wordpress\/index.php?rest_route=\/wp\/v2\/pages\/3730","targetHints":{"allow":["GET"]}}],"collection":[{"href":"https:\/\/gymnasium-odenkirchen.de\/wordpress\/index.php?rest_route=\/wp\/v2\/pages"}],"about":[{"href":"https:\/\/gymnasium-odenkirchen.de\/wordpress\/index.php?rest_route=\/wp\/v2\/types\/page"}],"author":[{"embeddable":true,"href":"https:\/\/gymnasium-odenkirchen.de\/wordpress\/index.php?rest_route=\/wp\/v2\/users\/5"}],"replies":[{"embeddable":true,"href":"https:\/\/gymnasium-odenkirchen.de\/wordpress\/index.php?rest_route=%2Fwp%2Fv2%2Fcomments&post=3730"}],"version-history":[{"count":15,"href":"https:\/\/gymnasium-odenkirchen.de\/wordpress\/index.php?rest_route=\/wp\/v2\/pages\/3730\/revisions"}],"predecessor-version":[{"id":9839,"href":"https:\/\/gymnasium-odenkirchen.de\/wordpress\/index.php?rest_route=\/wp\/v2\/pages\/3730\/revisions\/9839"}],"wp:attachment":[{"href":"https:\/\/gymnasium-odenkirchen.de\/wordpress\/index.php?rest_route=%2Fwp%2Fv2%2Fmedia&parent=3730"}],"curies":[{"name":"wp","href":"https:\/\/api.w.org\/{rel}","templated":true}]}}