{"id":3764,"date":"2018-06-27T10:28:10","date_gmt":"2018-06-27T08:28:10","guid":{"rendered":"http:\/\/unterricht.gymnasium-odenkirchen.de\/wordpress\/?page_id=3764"},"modified":"2023-04-21T22:10:33","modified_gmt":"2023-04-21T20:10:33","slug":"impressum-dsgvo","status":"publish","type":"page","link":"https:\/\/gymnasium-odenkirchen.de\/wordpress\/?page_id=3764","title":{"rendered":"Impressum und Datenschutzerkl\u00e4rung"},"content":{"rendered":"<h1>Impressum<\/h1>\n<p>Gymnasium Odenkirchen<br \/>\nOStD Ariane N\u00fcbel (Schulleiterin)<br \/>\nStD Ulrich B\u00fcnstorf (stellvertretender Schulleiter)<br \/>\nM\u00fclgaustra\u00dfe 43<br \/>\n41199 M\u00f6nchengladbach-Odenkirchen<\/p>\n<p>Telefon: (0 21 66) 969 85 \u2013 0<br \/>\nTelefax: (0 21 66) 969 85 \u2013 99<br \/>\nE-Mail: sekretariat(at)gymnasium-odenkirchen.de<\/p>\n<p><strong>Schultr\u00e4ger (Diensteanbieter im Sinne des RStV\/TMG)<\/strong><br \/>\nStadt M\u00f6nchengladbach<br \/>\nvertreten durch: Den Oberb\u00fcrgermeister<br \/>\n41050 M\u00f6nchengladbach<\/p>\n<p>Telefon: (0 21 61) 25 \u2013 0<br \/>\nTelefax: (0 21 61) 25 \u2013 2579<br \/>\nE-Mail: post(at)moenchengladbach.de<\/p>\n<p><strong>Verantwortlicher f\u00fcr die Schulzeitung im Sinne des \u00a7 55 Abs. 2 RStV:&nbsp;<\/strong><\/p>\n<p><strong>Technischer Ansprechpartner<\/strong><br \/>\nE-Mail: homepage(at)gymnasium-odenkirchen.de<\/p>\n<p><strong>Datenschutzbeauftragte:<br \/>\n<\/strong>Verena Schulz-Grahm<br \/>\ngymoddatenschutz(at)gmail.com<\/p>\n<p><strong>Hosting:<\/strong><\/p>\n<p>https:\/\/www.gatworks.de<\/p>\n<h3>Hinweise zu Links (fremde Inhalte)<\/h3>\n<p>Als Inhaltsanbieterin sind wir nach \u00a7 8 Abs. 1 des Teledienstegesetzes vom 22.07.1997 in der Fassung der letzten \u00c4nderung vom 14.12.2001 (TDG) f\u00fcr die \u201ceigenen Inhalte\u201d, die wir zur Nutzung bereithalten, nach den allgemeinen Gesetzen verantwortlich. Von diesen eigenen Inhalten sind Querverweise (\u201cLinks\u201d) auf die von anderen Anbieterinnen und Anbietern bereitgehaltenen Inhalte zu unterscheiden. Einen Querverweis auf fremde Inhalte erkennen Sie durch folgenden Hinweis. F\u00fcr diese fremden Inhalte sind wir nur dann verantwortlich, wenn wir von ihnen (das hei\u00dft auch von einem rechtswidrigen beziehungsweise strafbaren Inhalt) positive Kenntnis haben und es uns technisch m\u00f6glich und zumutbar ist, deren Nutzung zu verhindern.<br \/>\nBei \u201cLinks\u201d handelt es sich um dynamische Verweisungen. Wir haben bei der erstmaligen Verkn\u00fcpfung zwar den fremden Inhalt daraufhin \u00fcberpr\u00fcft, ob durch ihn eine m\u00f6gliche zivilrechtliche oder strafrechtliche Verantwortlichkeit ausgel\u00f6st wird. Wir sind aber nach dem Teledienstegesetz nicht verpflichtet, die Inhalte, auf die wir in unserem Angebot verweisen, st\u00e4ndig auf Ver\u00e4nderungen zu \u00fcberpr\u00fcfen, die eine Verantwortlichkeit neu begr\u00fcnden k\u00f6nnten (\u00a7 8 Abs. 2 TDG). Erst wenn wir feststellen oder von anderen darauf hingewiesen werden, da\u00df ein konkretes Angebot, zu dem wir einen \u201cLink\u201d bereitgestellt haben, eine zivil- oder strafrechtliche Verantwortlichkeit ausl\u00f6st, werden wir den \u201cLink\u201d auf dieses Angebot aufheben, soweit uns dies technisch m\u00f6glich und zumutbar ist.<\/p>\n<h3>Allgemeines zur Datenverarbeitung im Rahmen der DSGVO<\/h3>\n<h5>1. Umfang der Verarbeitung personenbezogener Daten aud dieser Webseite<\/h5>\n<p>Wir verarbeiten keine personenbezogenen Daten unserer Webseitennutzer und greifen nicht auf Nutzeranalysen oder Socialmedia-Plugins zur\u00fcck. Sollte dies in Ausnahmef\u00e4llen zur Bereitstellung einer funktionsf\u00e4higen Website sowie unserer Inhalte und Leistungen erforderlich sein, werden die Nutzer darauf hingewiesen.<\/p>\n<p>Nehmen Sie mit uns als Websitebetreiber durch die angebotenen Kontaktm\u00f6glichkeiten Verbindung auf, werden Ihre Angaben nur solange gespeichert, dass auf diese zur Bearbeitung und Beantwortung Ihrer Anfrage zur\u00fcckgegriffen werden kann. Ohne Ihre Einwilligung werden diese Daten nicht an Dritte weitergegeben.<\/p>\n<p>Die Verarbeitung personenbezogener Daten unserer Nutzer erfolgt regelm\u00e4\u00dfig nur nach Einwilligung des Nutzers. Eine Ausnahme gilt in solchen F\u00e4llen, in denen eine vorherige Einholung einer Einwilligung aus tats\u00e4chlichen Gr\u00fcnden nicht m\u00f6glich ist und die Verarbeitung der Daten durch gesetzliche Vorschriften gestattet ist.<\/p>\n<h5>2. Rechtsgrundlage f\u00fcr die Verarbeitung personenbezogener Daten<\/h5>\n<p>Soweit wir f\u00fcr Verarbeitungsvorg\u00e4nge personenbezogener Daten eine Einwilligung der betroffenen Person einholen, dient Art. 6 Abs. 1 lit. a EU-Datenschutzgrundverordnung (DSGVO) als Rechtsgrundlage.<\/p>\n<p>Bei der Verarbeitung von personenbezogenen Daten, die zur Erf\u00fcllung eines Vertrages, dessen Vertragspartei die betroffene Person ist, erforderlich ist, dient Art. 6 Abs. 1 lit. b DSGVO als Rechtsgrundlage. Dies gilt auch f\u00fcr Verarbeitungsvorg\u00e4nge, die zur Durchf\u00fchrung vorvertraglicher Ma\u00dfnahmen erforderlich sind.<\/p>\n<p>Soweit eine Verarbeitung personenbezogener Daten zur Erf\u00fcllung einer rechtlichen Verpflichtung erforderlich ist, der unsere Schule unterliegt, dient Art. 6 Abs. 1 lit. c DSGVO als Rechtsgrundlage.<\/p>\n<p>F\u00fcr den Fall, dass lebenswichtige Interessen der betroffenen Person oder einer anderen nat\u00fcrlichen Person eine Verarbeitung personenbezogener Daten erforderlich machen, dient Art. 6 Abs. 1 lit. d DSGVO als Rechtsgrundlage.<\/p>\n<p>Ist die Verarbeitung zur Wahrung eines berechtigten Interesses unserer Schule oder eines Dritten erforderlich und \u00fcberwiegen die Interessen, Grundrechte und Grundfreiheiten des Betroffenen das erstgenannte Interesse nicht, so dient Art. 6 Abs. 1 lit. f DSGVO als Rechtsgrundlage f\u00fcr die Verarbeitung.<\/p>\n<h5>3. Datenl\u00f6schung und Speicherdauer<\/h5>\n<p>Die personenbezogenen Daten der betroffenen Person werden gel\u00f6scht oder gesperrt, sobald der Zweck der Speicherung entf\u00e4llt. Eine Speicherung kann dar\u00fcber hinaus erfolgen, wenn dies durch den europ\u00e4ischen oder nationalen Gesetzgeber in unionsrechtlichen Verordnungen, Gesetzen oder sonstigen Vorschriften, denen der Verantwortliche unterliegt, vorgesehen wurde. Eine Sperrung oder L\u00f6schung der Daten erfolgt auch dann, wenn eine durch die genannten Normen vorgeschriebene Speicherfrist abl\u00e4uft, es sei denn, dass eine Erforderlichkeit zur weiteren Speicherung der Daten f\u00fcr einen Vertragsabschluss oder eine Vertragserf\u00fcllung besteht.<\/p>\n<h5>4. Eingebettete Inhalte von anderen Websites<\/h5>\n<p>Beitr\u00e4ge auf dieser Website k\u00f6nnen eingebettete Inhalte beinhalten (z. B. Videos, Bilder, Beitr\u00e4ge etc.). Eingebettete Inhalte von anderen Websites verhalten sich exakt so, als ob der Besucher die andere Website besucht h\u00e4tte.<\/p>\n<p>Diese Websites k\u00f6nnen Daten \u00fcber Sie sammeln, Cookies benutzen, zus\u00e4tzliche Tracking-Dienste von Dritten einbetten und Ihre Interaktion mit diesem eingebetteten Inhalt aufzeichnen, inklusive Ihrer Interaktion mit dem eingebetteten Inhalt, falls Sie ein Konto haben und auf dieser Website angemeldet sind.<\/p>\n<h3>Einwilligung und Information zur Verarbeitung von personenbezogenen Daten im Rahmen von Anfragen an unsere Schule<\/h3>\n<p>Die nachfolgende Erkl\u00e4rung bezieht sich ausdr\u00fccklich auf unsere Schule, die eine eigene verantwortliche Stelle im Sinne der Datenschutzgrundverordnung (DSGVO u.w.) darstellt.<\/p>\n<p>I. Unterrichtung nach Artikel 13 Datenschutzgrundverordnung (DSGVO) \u00fcber die Verarbeitung personenbezogener Daten in unserer Schule.<br \/>\nWir informieren Sie hiermit \u00fcber den Zweck der Verarbeitung sowie \u00fcber die Empf\u00e4nger, sofern Daten weitergegeben werden. Dar\u00fcber hinaus \u00fcber weitere Rechte, die Ihnen nach der Datenschutzgrundverordnung (DSGVO) zustehen. Zur Bearbeitung einer Anfrage k\u00f6nnen folgende Daten von Ihnen erhoben werden: Name, Anschrift, Telefonnummer, E-Mail.<\/p>\n<p>Der Umfang, der von Ihnen tats\u00e4chlich erhobenen personenbezogenen Daten h\u00e4ngt davon ab, welche Daten zur ordnungsgem\u00e4\u00dfen Bearbeitung Ihrer konkreten Anfrage erforderlich sind. Zur Bearbeitung Ihrer Anfrage und zur Erf\u00fcllung unserer gesetzlichen Beratungs- und Dokumentationspflichten ist es erforderlich, dass wir die von Ihnen erhobenen Daten zu dem oben beschriebenen Zweck speichern und verwenden d\u00fcrfen.<\/p>\n<p>Zur Verarbeitung personenbezogener Daten nach Art. 9 DSGVO ben\u00f6tigen wir Ihre ausdr\u00fcckliche Einwilligung. Weitergabe von personenbezogenen Daten: Ihre Daten k\u00f6nnen den Mitarbeitern unserer Schule zur Kenntnis gegeben werden. Diese sind auf Vertraulichkeit verpflichtet.<br \/>\nRechtsgrundlagen der Datenverarbeitung: Art. 6 Abs. 1 b) DSGVO erlaubt uns die beschriebene Verarbeitung Ihrer personenbezogenen Daten, wenn dies f\u00fcr die Erf\u00fcllung eines Vertrags, dessen Vertragspartei die betroffene Person ist, oder zur Durchf\u00fchrung vorvertraglicher Ma\u00dfnahmen erforderlich ist, die auf Anfrage der betroffenen Person erfolgen. Au\u00dferdem erlaubt uns Art. 6 Abs.1 f) DSGVO die Verarbeitung von personenbezogenen Daten, sofern dies zur Wahrung berechtigter Interessen des Verantwortlichen erforderlich ist und kein Grund zu der Annahme besteht, dass schutzw\u00fcrdige Interessen der betroffenen Person \u00fcberwiegen.<\/p>\n<h4>Sie haben folgende Rechte:<\/h4>\n<h5>Recht auf Auskunft:<\/h5>\n<p>Sie haben einen Anspruch auf Auskunft \u00fcber die Sie betreffenden personenbezogenen Daten, die bei uns verarbeitet werden.<\/p>\n<h5>Recht auf Berichtigung:<\/h5>\n<p>Sie k\u00f6nnen die Berichtigung unvollst\u00e4ndiger oder unrichtig verarbeiteter personenbezogener Daten verlangen.<\/p>\n<h5>Recht auf L\u00f6schung:<\/h5>\n<p>Sie haben ein Recht auf L\u00f6schung Ihrer personenbezogenen Daten. Die L\u00f6schung Ihrer Daten erfolgt gem\u00e4\u00df den unten beschriebenen Regeln. Wir l\u00f6schen die Daten au\u00dferdem, wenn Sie dies w\u00fcnschen und ein entsprechender Anspruch besteht, z. B. ggf. bei Wegfall der Zweckbindung, Widerruf der Einwilligung und im Falle einer unrechtm\u00e4\u00dfigen Speicherung.<\/p>\n<h5>Recht auf Einschr\u00e4nkung:<\/h5>\n<p>der Verarbeitung: Sie haben das Recht von uns die Einschr\u00e4nkung der Verarbeitung Ihrer personenbezogenen Daten zu verlangen, wenn<br \/>\n&#8211; Sie die Richtigkeit der Daten bestreiten und wir daher die Richtigkeit \u00fcberpr\u00fcfen,<br \/>\n&#8211; die Verarbeitung unrechtm\u00e4\u00dfig ist und Sie die L\u00f6schung ablehnen und stattdessen die Einschr\u00e4nkung der Nutzung verlangen,<br \/>\n&#8211; Wir die Daten nicht l\u00e4nger ben\u00f6tigen, Sie diese jedoch zur Geltendmachung, Aus\u00fcbung oder Verteidigung von Rechtsanspr\u00fcchen ben\u00f6tigen,<br \/>\n&#8211; Sie Widerspruch gegen die Verarbeitung Ihrer Daten eingelegt haben, und noch nicht feststeht, ob unsere berechtigten Gr\u00fcnde gegen\u00fcber Ihren Gr\u00fcnden \u00fcberwiegen.<\/p>\n<h5>Recht auf Daten\u00fcbertragbarkeit:<\/h5>\n<p>Sie haben das Recht die Sie betreffenden personenbezogenen Daten, die Sie uns bereitgestellt haben, in einem strukturierten, g\u00e4ngigen und maschinenlesbaren Format zu erhalten und Sie haben das Recht, diese Daten einem anderen Verantwortlichen ohne Behinderung durch uns zu \u00fcbermitteln, sofern die Verarbeitung auf einer Einwilligung oder einem Vertrag beruht und die Verarbeitung bei uns mit Hilfe automatisierter Verfahren erfolgt.<\/p>\n<h5>Widerrufsrecht:<\/h5>\n<p>Sie haben das Recht, aus Gr\u00fcnden, die sich aus ihrer besonderen Situation ergeben, jederzeit gegen die Verarbeitung sie betreffender personenbezogener Daten, die aufgrund von Artikel 6 Absatz 1 Buchstaben e oder f erfolgt, Widerspruch einzulegen; dies gilt auch f\u00fcr ein auf diese Bestimmungen gest\u00fctztes Profiling. Soweit die Verarbeitung Ihrer personenbezogenen Daten auf einer Einwilligung beruht, haben Sie das Recht diese Einwilligung jederzeit zu widerrufen. Beschwerderecht bei einer Aufsichtsbeh\u00f6rde: Sie haben jederzeit die M\u00f6glichkeit, sich mit einer Beschwerde an den oben genannten Datenschutzbeauftragten oder an eine Datenschutzaufsichtsbeh\u00f6rde zu wenden.<\/p>\n<h5>Dauer der Datenspeicherung:<\/h5>\n<p>Die Dauer der Datenspeicherung richtet sich nach unterschiedlichen Kriterien. Grunds\u00e4tzlich werden die Daten gel\u00f6scht bzw. vernichtet, wenn diese f\u00fcr die Erreichung des Zwecks der Datenverarbeitung nicht mehr erforderlich sind.<\/p>\n<p>Eine endg\u00fcltige L\u00f6schung Ihrer Daten h\u00e4ngt insbesondere von der Einhaltung der gesetzlichen Aufbewahrungsfristen ab oder davon, ob die weitere Speicherung f\u00fcr die Geltendmachung, Aus\u00fcbung und Verteidigung von Rechtsanspr\u00fcchen, beispielsweise zum Nachweis einer ordnungsgem\u00e4\u00dfen Beratung, erforderlich ist.<br \/>\nDie gesetzlichen Verj\u00e4hrungsfristen betragen bis zu 30 Jahren, die gesetzlichen Aufbewahrungsfristen bis zu 10 Jahre. Werden Ihre Daten nicht mehr zu den o.g. Zwecken ben\u00f6tigt und sind alle Aufbewahrungsfristen abgelaufen, werden sie endg\u00fcltig gel\u00f6scht.<\/p>\n<h5>Recht auf Widerruf:<\/h5>\n<p>Ihre Einwilligung kann von Ihnen jederzeit ganz oder teilweise f\u00fcr die Zukunft wiederrufen werden. Hierzu gen\u00fcgt ein Brief an das Gymnasium Odenkirchen, M\u00fclhaustrasse 43, 41199 M\u00f6nchengladbach oder eine Mail an sekretariat@gymnasium-odenkirchen.de). Ihre Daten werden dann nach den Grunds\u00e4tzen des BDSG gel\u00f6scht oder gesperrt. Der Widerruf kann aber ggf. dazu f\u00fchren, dass die von Ihnen angefragte Leistung, nicht erbracht werden kann.<\/p>\n","protected":false},"excerpt":{"rendered":"<p>Impressum Gymnasium Odenkirchen OStD Ariane N\u00fcbel (Schulleiterin) StD Ulrich B\u00fcnstorf (stellvertretender Schulleiter) M\u00fclgaustra\u00dfe 43 41199 M\u00f6nchengladbach-Odenkirchen Telefon: (0 21 66) 969 85 \u2013 0 Telefax: (0 21 66) 969 85 \u2013 99 E-Mail: sekretariat(at)gymnasium-odenkirchen.de Schultr\u00e4ger (Diensteanbieter im Sinne des RStV\/TMG) Stadt M\u00f6nchengladbach vertreten durch: Den Oberb\u00fcrgermeister 41050 M\u00f6nchengladbach Telefon: (0 21 61) 25 \u2013 0 Telefax: (0 21 61) 25 \u2013 2579 E-Mail: post(at)moenchengladbach.de Verantwortlicher f\u00fcr die Schulzeitung im Sinne des \u00a7 55 Abs. 2 RStV:&nbsp; Technischer Ansprechpartner E-Mail: homepage(at)gymnasium-odenkirchen.de Datenschutzbeauftragte: Verena Schulz-Grahm gymoddatenschutz(at)gmail.com Hosting: https:\/\/www.gatworks.de Hinweise zu Links (fremde Inhalte) Als Inhaltsanbieterin sind wir nach \u00a7 8 Abs. 1 [&hellip;]<\/p>\n","protected":false},"author":5,"featured_media":0,"parent":0,"menu_order":0,"comment_status":"closed","ping_status":"closed","template":"","meta":{"ngg_post_thumbnail":0,"footnotes":""},"class_list":["post-3764","page","type-page","status-publish","hentry"],"_links":{"self":[{"href":"https:\/\/gymnasium-odenkirchen.de\/wordpress\/index.php?rest_route=\/wp\/v2\/pages\/3764","targetHints":{"allow":["GET"]}}],"collection":[{"href":"https:\/\/gymnasium-odenkirchen.de\/wordpress\/index.php?rest_route=\/wp\/v2\/pages"}],"about":[{"href":"https:\/\/gymnasium-odenkirchen.de\/wordpress\/index.php?rest_route=\/wp\/v2\/types\/page"}],"author":[{"embeddable":true,"href":"https:\/\/gymnasium-odenkirchen.de\/wordpress\/index.php?rest_route=\/wp\/v2\/users\/5"}],"replies":[{"embeddable":true,"href":"https:\/\/gymnasium-odenkirchen.de\/wordpress\/index.php?rest_route=%2Fwp%2Fv2%2Fcomments&post=3764"}],"version-history":[{"count":11,"href":"https:\/\/gymnasium-odenkirchen.de\/wordpress\/index.php?rest_route=\/wp\/v2\/pages\/3764\/revisions"}],"predecessor-version":[{"id":10411,"href":"https:\/\/gymnasium-odenkirchen.de\/wordpress\/index.php?rest_route=\/wp\/v2\/pages\/3764\/revisions\/10411"}],"wp:attachment":[{"href":"https:\/\/gymnasium-odenkirchen.de\/wordpress\/index.php?rest_route=%2Fwp%2Fv2%2Fmedia&parent=3764"}],"curies":[{"name":"wp","href":"https:\/\/api.w.org\/{rel}","templated":true}]}}