{"id":4527,"date":"2018-10-04T14:21:04","date_gmt":"2018-10-04T12:21:04","guid":{"rendered":"http:\/\/gymnasium-odenkirchen.de\/wordpress\/?page_id=4527"},"modified":"2019-02-21T20:20:16","modified_gmt":"2019-02-21T18:20:16","slug":"sporthelfer-ag","status":"publish","type":"page","link":"https:\/\/gymnasium-odenkirchen.de\/wordpress\/?page_id=4527","title":{"rendered":"Sporthelfer-AG"},"content":{"rendered":"<p><em><strong>Unter dem Begriff &#8222;Sporthelfer\/in&#8220; versteht man besonders geeignete Sch\u00fclerinnen und Sch\u00fcler, die bereit sind, Sportangebote f\u00fcr sich und andere zu organisieren und durchzuf\u00fchren<\/strong>. <\/em><\/p>\n<p><em>Sie sollen dabei Ihre Interessen und die ihrer Mitsch\u00fcler\/innen vertreten und in die Planung und Durchf\u00fchrung von Sportveranstaltungen einbringen.<\/em><\/p>\n<p><em>Als Einsatzm\u00f6glichkeiten kommen am Gymnasium Odenkirchen in Frage:<\/em><\/p>\n<ul>\n<li>Hilfsfunktionen bei Arbeitsgemeinschaften wie der Handball-, Fu\u00dfball- oder Sportspiele AG<\/li>\n<li>Pausensport wie z.B. das V\u00f6lkerballturnier der Unterstufe<\/li>\n<li>Sportveranstaltungen der Schule (Unterst\u00fctzung von Spielfesten wie des Turnfestes und des Fu\u00dfballturniers, Begleitung der Skifahrt)<\/li>\n<li>Au\u00dferschulische Sportveranstaltungen (wie Unterst\u00fctzung von Sportfesten einiger Grundschulen)<\/li>\n<\/ul>\n<p>Die Betonung liegt auf dem Begriff &#8222;Helfer\/in&#8220;. Gesamtplanung und Verantwortung liegen selbstverst\u00e4ndlich in den H\u00e4nden der Schulleitung bzw. der Sportkollegen.<\/p>\n<p>Das Ausbildungsangebot richtet sich an<strong> Sch\u00fclerinnen und Sch\u00fcler<\/strong> <strong>der 9. Klassen<\/strong>, die wegen ihres Interesses, ihrer Begabung und ihres Verhaltens f\u00fcr geeignet gehalten werden, f\u00fcr sich und Mitsch\u00fcler im Bereich Sport Verantwortung zu \u00fcbernehmen.<\/p>\n<p>Die ausgew\u00e4hlten Sch\u00fclerinnen und Sch\u00fcler m\u00fcssen auf ihre Aufgabe vorbereitet werden. Die Ausbildung umfasst ca. 40 Unterrichtsstunden und findet zum Teil in der Schule unter der Leitung von Herrn Kemper statt.&nbsp; Es ist auch ein Kompaktkurs mit \u00dcbernachtung in der Sportschule Hinsbeck geplant.<\/p>\n<p>Am Ende muss keine Pr\u00fcfung abgelegt werden, sondern der gezeigte Einsatz, das Interesse und das Verantwortungsbewusstsein f\u00fchrt zum Bestehen. Ein Qualifikationsnachweis wird von der Sportjugend NRW ausgestellt. Er entspricht dem Gruppenhelferschein I und erm\u00f6glicht den Sporthelfern auch einen Einsatz im Verein als Gruppenhelfer.<\/p>\nngg_shortcode_0_placeholder\n","protected":false},"excerpt":{"rendered":"<p>Unter dem Begriff &#8222;Sporthelfer\/in&#8220; versteht man besonders geeignete Sch\u00fclerinnen und Sch\u00fcler, die bereit sind, Sportangebote f\u00fcr sich und andere zu organisieren und durchzuf\u00fchren. Sie sollen dabei Ihre Interessen und die ihrer Mitsch\u00fcler\/innen vertreten und in die Planung und Durchf\u00fchrung von Sportveranstaltungen einbringen. Als Einsatzm\u00f6glichkeiten kommen am Gymnasium Odenkirchen in Frage: Hilfsfunktionen bei Arbeitsgemeinschaften wie der Handball-, Fu\u00dfball- oder Sportspiele AG Pausensport wie z.B. das V\u00f6lkerballturnier der Unterstufe Sportveranstaltungen der Schule (Unterst\u00fctzung von Spielfesten wie des Turnfestes und des Fu\u00dfballturniers, Begleitung der Skifahrt) Au\u00dferschulische Sportveranstaltungen (wie Unterst\u00fctzung von Sportfesten einiger Grundschulen) Die Betonung liegt auf dem Begriff &#8222;Helfer\/in&#8220;. Gesamtplanung und Verantwortung [&hellip;]<\/p>\n","protected":false},"author":5,"featured_media":0,"parent":0,"menu_order":0,"comment_status":"closed","ping_status":"closed","template":"","meta":{"ngg_post_thumbnail":0,"footnotes":""},"class_list":["post-4527","page","type-page","status-publish","hentry"],"_links":{"self":[{"href":"https:\/\/gymnasium-odenkirchen.de\/wordpress\/index.php?rest_route=\/wp\/v2\/pages\/4527","targetHints":{"allow":["GET"]}}],"collection":[{"href":"https:\/\/gymnasium-odenkirchen.de\/wordpress\/index.php?rest_route=\/wp\/v2\/pages"}],"about":[{"href":"https:\/\/gymnasium-odenkirchen.de\/wordpress\/index.php?rest_route=\/wp\/v2\/types\/page"}],"author":[{"embeddable":true,"href":"https:\/\/gymnasium-odenkirchen.de\/wordpress\/index.php?rest_route=\/wp\/v2\/users\/5"}],"replies":[{"embeddable":true,"href":"https:\/\/gymnasium-odenkirchen.de\/wordpress\/index.php?rest_route=%2Fwp%2Fv2%2Fcomments&post=4527"}],"version-history":[{"count":6,"href":"https:\/\/gymnasium-odenkirchen.de\/wordpress\/index.php?rest_route=\/wp\/v2\/pages\/4527\/revisions"}],"predecessor-version":[{"id":5581,"href":"https:\/\/gymnasium-odenkirchen.de\/wordpress\/index.php?rest_route=\/wp\/v2\/pages\/4527\/revisions\/5581"}],"wp:attachment":[{"href":"https:\/\/gymnasium-odenkirchen.de\/wordpress\/index.php?rest_route=%2Fwp%2Fv2%2Fmedia&parent=4527"}],"curies":[{"name":"wp","href":"https:\/\/api.w.org\/{rel}","templated":true}]}}