{"id":7306,"date":"2020-07-05T09:16:31","date_gmt":"2020-07-05T07:16:31","guid":{"rendered":"https:\/\/gymnasium-odenkirchen.de\/wordpress\/?page_id=7306"},"modified":"2021-02-15T00:57:20","modified_gmt":"2021-02-14T22:57:20","slug":"wir-sind-fairtrade-school","status":"publish","type":"page","link":"https:\/\/gymnasium-odenkirchen.de\/wordpress\/?page_id=7306","title":{"rendered":"Wir sind Fairtrade-School"},"content":{"rendered":"<p><img loading=\"lazy\" decoding=\"async\" class=\" wp-image-7291 aligncenter\" src=\"https:\/\/gymnasium-odenkirchen.de\/wordpress\/wp-content\/uploads\/2020\/06\/Facebook_FTS_1200x900.png\" alt=\"\" width=\"556\" height=\"417\" srcset=\"https:\/\/gymnasium-odenkirchen.de\/wordpress\/wp-content\/uploads\/2020\/06\/Facebook_FTS_1200x900.png 1200w, https:\/\/gymnasium-odenkirchen.de\/wordpress\/wp-content\/uploads\/2020\/06\/Facebook_FTS_1200x900-300x225.png 300w, https:\/\/gymnasium-odenkirchen.de\/wordpress\/wp-content\/uploads\/2020\/06\/Facebook_FTS_1200x900-1024x768.png 1024w, https:\/\/gymnasium-odenkirchen.de\/wordpress\/wp-content\/uploads\/2020\/06\/Facebook_FTS_1200x900-768x576.png 768w, https:\/\/gymnasium-odenkirchen.de\/wordpress\/wp-content\/uploads\/2020\/06\/Facebook_FTS_1200x900-450x338.png 450w\" sizes=\"auto, (max-width: 556px) 100vw, 556px\" \/><\/p>\n<p>Seit dem 16.06.2020 ist das Gymnasium Odenkirchen offiziell die 721. Fairtrade-School in Deutschland sowie die dritte Fairtrade-School in M\u00f6nchengladbach.<\/p>\n<p>Nat\u00fcrlich wird man nicht \u201eeinfach so\u201c Fairtrade-School. Der Zertifizierung liegt ein langer Weg mit verschiedenen Kriterien zugrunde, die im Folgenden zusammen mit ihrer Umsetzung an unserer Schule n\u00e4her erl\u00e4utert werden:<\/p>\n<ul>\n<li><strong>Kriterium 1: Gr\u00fcndung eines Schulteams<\/strong><br \/>\nJede Fairtrade-School ben\u00f6tigt ein mindestens f\u00fcnfk\u00f6pfiges Gremium aus Sch\u00fcler*innen,\u00a0Lehrkr\u00e4ften und Eltern, auch Schulteam genannt, das sich mindestens einmal pro Schulhalbjahr\u00a0zusammenfindet, um s\u00e4mtliche schulische Aktionen rum um den Fairen Handel zu besprechen. Die\u00a0H\u00e4lfte dieses Gremiums stellen dabei die Sch\u00fcler*innen, zudem gibt es einen Schulteam-Sprecher,\u00a0der als direkter Ansprechpartner fungiert.<br \/>\n<i>Am Gymnasium Odenkirchen gibt es seit dem 13.11.2019 ebendieses Schulteam, das im Januar\u00a02020 bereits sein zweites offizielles Treffen realisieren konnte. Neben engagierten Sch\u00fcler*innen,\u00a0die gr\u00f6\u00dftenteils durch die Sch\u00fclerfirma gestellt werden, k\u00f6nnen wir auf die konstruktive Mithilfe\u00a0einiger Lehrkr\u00e4fte und Eltern z\u00e4hlen. Als Schulteam-Sprecherin unterst\u00fctzt uns die schon seit vielen\u00a0Jahren aktive begleitende Lehrerin Vera Praas.<\/i><\/li>\n<\/ul>\n<p>&nbsp;<\/p>\n<ul>\n<li><strong>Kriterium 2: Erstellen eines Aktionsplans<\/strong><br \/>\nDamit eine Fairtrade-School ihrem Namen auch f\u00fcr die gesamte Dauer ihrer Zertifizierung gerecht\u00a0werden kann, gibt es einen Aktionsplan, in dem s\u00e4mtliche Zukunftspl\u00e4ne (darunter Unterrichtsvorhaben in Bezug auf Fairen Handel, die Bereitstellung von Fairtrade-Produkten und\u00a0diverse Aktionen) festgehalten werden.<br \/>\n<i>Dieser besagte Aktionsplan wird in Odenkirchen durch die Sch\u00fclerfirma Fair:OK! erstellt und kann\u00a0so im Hinblick auf anstehende Aktionen ber\u00fccksichtigt werden.<\/i><\/li>\n<\/ul>\n<p>&nbsp;<\/p>\n<ul>\n<li><strong>Kriterium 3: Fairer Handel im Unterricht<\/strong><br \/>\nDer Faire Handel muss mindestens in zwei verschiedenen Jahrgangsstufen in zwei\u00a0unterschiedlichen F\u00e4chern innerhalb des Unterrichts thematisiert werden. F\u00fcr eine solche\u00a0mehrst\u00fcndige Unterrichtsreihe muss ein Nachweis gem\u00e4\u00df einer Mustervorlage erfolgen.<br \/>\n<i>An unserer Schule ist der Faire Handel f\u00fcr die Jahrgangsstufen 5 bis Q2 in den F\u00e4chern Erdkunde (Klassen 5,7,10), Politik (Klasse 6), Praktische Philosophie\/ Religion (Kl. 8), Englisch (Q1) und\u00a0Franz\u00f6sisch (Q2) im Lehrplan verankert, sodass seine Integration in den Unterricht langfristig\u00a0gew\u00e4hrleistet werden kann.<\/i><\/li>\n<\/ul>\n<p>&nbsp;<\/p>\n<ul>\n<li><strong>Kriterium 4: dauerhafte Bereitstellung von Fairtrade-Produkten<\/strong><br \/>\nEin weiteres wichtiges Kriterium f\u00fcr die Zertifizierung als Fairtrade-School ist die dauerhafte\u00a0Bereitstellung von mindestens zwei Fairtrade-Produkten f\u00fcr die gesamte Schulgemeinschaft.<br \/>\n<i>Durch unseren selbst entwickelten Odenkirchen-Caf\u00e9, der sowohl durch die Sch\u00fclerfirma bei\u00a0verschiedenen Aktionen vertrieben wird, als auch im Automaten in der Cafeteria und im\u00a0Lehrerzimmer immer verf\u00fcgbar ist, und fair gehandelte Maniok-Chips, die am Schulkiosk\u00a0vertrieben werden, sind fair gehandelte Produkte f\u00fcr unsere gesamte Schulfamilie immer\u00a0zug\u00e4nglich. Au\u00dferdem ist der Vertrieb von fair gehandeltem Kakao \u00fcber den Automaten in der\u00a0Cafeteria in Planung.<\/i><\/li>\n<\/ul>\n<p>&nbsp;<\/p>\n<ul>\n<li><strong>Kriterium 5: Schulische Veranstaltungen zum Fairen Handel<\/strong><br \/>\nDas letzte der f\u00fcnf Kriterien stellt die Anforderung, dass mindestens eine schulische Aktion zum\u00a0Fairen Handel pro Schulhalbjahr stattfinden muss, deren Nachweis durch ein spezielles Formular\u00a0erfolgt. <i>Bereits vor der Zertifizierung als Fairtrade-School konnte sich Fair:OK! durch die verschiedensten Aktionen und eine durchg\u00e4ngige Pr\u00e4senz bei unterschiedlichen Schulveranstaltungen einen Namen machen. Dazu z\u00e4hlen unter anderem der Kaffee-Parcours beim Tag der offenen T\u00fcr, das Faire Fr\u00fchst\u00fcck, die allj\u00e4hrliche Mitgliederversammlung, der Aktionstag f\u00fcr die f\u00fcnften und sechsten Klassen und eigene St\u00e4nde bei Elternsprechtagen, Fu\u00dfballturnieren und Konzerten. \u00dcber unsere zahlreichen Aktionen informieren wir zus\u00e4tzlich \u00fcber die Schulhomepage sowie unsere eigene Sch\u00fclerfirma-Homepage.<\/i><\/li>\n<\/ul>\n<p><em><b>Hinweis: <\/b><\/em>Bitte beachten Sie, dass es sich hier um eine verk\u00fcrzte und vereinfachte Zusammenstellung der Kriterien handelt, die lediglich einen \u00dcberblick \u00fcber die verschiedenen\u00a0Wirkungsbereiche einer Fairtrade-School informieren soll. Den genauen Wortlaut der Fairtrade-Schools-Kampagne finden Sie <a href=\"https:\/\/www.fairtrade-schools.de\/mitmachen\/kriterien\" target=\"_blank\" rel=\"noopener noreferrer\">hier<\/a>.<\/p>\n<p>Zudem gelangen Sie <a href=\"http:\/\/www.fairokgo.wordpress.com\" target=\"_blank\" rel=\"noopener noreferrer\">hier<\/a> zur eigenen Homepage der Sch\u00fclerfirma Fair:OK!.<\/p>\n","protected":false},"excerpt":{"rendered":"<p>Seit dem 16.06.2020 ist das Gymnasium Odenkirchen offiziell die 721. Fairtrade-School in Deutschland sowie die dritte Fairtrade-School in M\u00f6nchengladbach. Nat\u00fcrlich wird man nicht \u201eeinfach so\u201c Fairtrade-School. Der Zertifizierung liegt ein langer Weg mit verschiedenen Kriterien zugrunde, die im Folgenden zusammen mit ihrer Umsetzung an unserer Schule n\u00e4her erl\u00e4utert werden: Kriterium 1: Gr\u00fcndung eines Schulteams Jede Fairtrade-School ben\u00f6tigt ein mindestens f\u00fcnfk\u00f6pfiges Gremium aus Sch\u00fcler*innen,\u00a0Lehrkr\u00e4ften und Eltern, auch Schulteam genannt, das sich mindestens einmal pro Schulhalbjahr\u00a0zusammenfindet, um s\u00e4mtliche schulische Aktionen rum um den Fairen Handel zu besprechen. Die\u00a0H\u00e4lfte dieses Gremiums stellen dabei die Sch\u00fcler*innen, zudem gibt es einen Schulteam-Sprecher,\u00a0der als direkter Ansprechpartner [&hellip;]<\/p>\n","protected":false},"author":5,"featured_media":0,"parent":0,"menu_order":0,"comment_status":"closed","ping_status":"closed","template":"","meta":{"ngg_post_thumbnail":0,"footnotes":""},"class_list":["post-7306","page","type-page","status-publish","hentry"],"_links":{"self":[{"href":"https:\/\/gymnasium-odenkirchen.de\/wordpress\/index.php?rest_route=\/wp\/v2\/pages\/7306","targetHints":{"allow":["GET"]}}],"collection":[{"href":"https:\/\/gymnasium-odenkirchen.de\/wordpress\/index.php?rest_route=\/wp\/v2\/pages"}],"about":[{"href":"https:\/\/gymnasium-odenkirchen.de\/wordpress\/index.php?rest_route=\/wp\/v2\/types\/page"}],"author":[{"embeddable":true,"href":"https:\/\/gymnasium-odenkirchen.de\/wordpress\/index.php?rest_route=\/wp\/v2\/users\/5"}],"replies":[{"embeddable":true,"href":"https:\/\/gymnasium-odenkirchen.de\/wordpress\/index.php?rest_route=%2Fwp%2Fv2%2Fcomments&post=7306"}],"version-history":[{"count":14,"href":"https:\/\/gymnasium-odenkirchen.de\/wordpress\/index.php?rest_route=\/wp\/v2\/pages\/7306\/revisions"}],"predecessor-version":[{"id":8343,"href":"https:\/\/gymnasium-odenkirchen.de\/wordpress\/index.php?rest_route=\/wp\/v2\/pages\/7306\/revisions\/8343"}],"wp:attachment":[{"href":"https:\/\/gymnasium-odenkirchen.de\/wordpress\/index.php?rest_route=%2Fwp%2Fv2%2Fmedia&parent=7306"}],"curies":[{"name":"wp","href":"https:\/\/api.w.org\/{rel}","templated":true}]}}